 t(-10)?
2, 5
Let y(d) be the third derivative of d**5/60 + d**4/12 - d**3/2 - d**2. Let o be y(-4). Suppose 0 = o*x - 0*x - 35. List the prime factors of x.
7
Suppose 0 = -5*z - 2*x - 5, 4*x + 0*x = 0. List the prime factors of 2/4*(z - -79).
3, 13
Suppose -3*d + 34 = -71. Let j be (-2)/(-7) - (-270)/d. Suppose 0 = 2*f - 6 - j. List the prime factors of f.
7
Suppose 3*c - 4 - 5 = 0. Suppose 2*d + 4 + 2 = c*q, 0 = 2*d. Suppose q*n + 45 = 7*n. What are the prime factors of n?
3
Suppose 3*c = 7*c - 256. Suppose 3*u = c + 56. List the prime factors of u.
2, 5
Suppose 5*d - 4*q = -2*q + 184, -3*q = 2*d - 66. What are the prime factors of d?
2, 3
Let a(n) = -n**2 + 6*n + 8. Let u be a(9). Let q = u + 22. List the prime factors of q.
3
Let f be (-16)/(-6) - (-2)/6. Suppose 0 = -0*b - b + f. Let w = b - 1. What are the prime factors of w?
2
Let y(r) = -5*r - 20. What are the prime factors of y(-10)?
2, 3, 5
Let k(a) = a**3 + 9*a**2 + 3. Let c be k(-9). Suppose c*s - 4 = -2*w, -3 = 3*s - w - 1. Suppose -2 = -s*p - p. What are the prime factors of p?
2
Let z = -116 - -337. List the prime factors of z.
13, 17
Suppose 0 = 3*l + 2*i - 0*i - 588, -l + 5*i + 196 = 0. What are the prime factors of l?
2, 7
Suppose -9*o = -7*o - 198. What are the prime factors of o?
3, 11
Let w(t) = -3 - 1 + 1 + 3*t. Let z be w(2). Let y(p) = 5*p - 4. List the prime factors of y(z).
11
Let w(g) be the first derivative of 3*g**2/2 - 4*g + 4. List the prime factors of w(6).
2, 7
Let c = -3 - -7. What are the prime factors of c?
2
What are the prime factors of (-6)/(-8) + 9725/100?
2, 7
Suppose -1 = i - 2*i. List the prime factors of i/(3/15) - 0.
5
Let h(m) = -2*m + 2. Let q(n) = n. Let w(o) = -h(o) + 2*q(o). What are the prime factors of w(6)?
2, 11
Suppose 2*p + 5*k - 11 = 0, -4*k - 9 = -4*p - 1. Let f be -1 + p*8 - -1. Suppose 2*v + v - f = 0. What are the prime factors of v?
2
Suppose 4*p - 4*f + 92 = 0, -5*p - 147 = 6*f - 3*f. List the prime factors of 249/27 + 6/p.
3
Suppose -v = 2*y - 214, y - v = v + 117. What are the prime factors of y?
109
Let o(a) = -2*a**3 - 4*a**2 - 2*a + 1. Suppose -8*k = -6*k + 8. Let j be (-12)/k*(-4)/6. What are the prime factors of o(j)?
5
Let r(q) = 37*q**2 - 3*q - 1. List the prime factors of r(-2).
3, 17
List the prime factors of 27/(-63) - 24/(-7).
3
Let o(b) = -2*b + 4. What are the prime factors of o(-11)?
2, 13
Suppose -35 = -4*g - g. Let u(m) = m**3 - 3*m**2 + 4*m - 1. Let l be u(3). Let y = l - g. What are the prime factors of y?
2
Suppose -d = 4*h - 158, 0 = d + 2. What are the prime factors of h?
2, 5
Let s = 5 - 3. Suppose 2*f = 2*d - s + 14, 3*f = d + 14. What are the prime factors of f?
2
Let a = -7 - -12. Suppose 30 + 40 = a*c. List the prime factors of c.
2, 7
Suppose 5*j - 3*c = -5*c + 8, -5 = 5*c. Suppose 5*t - j*t = 63. Let g = 36 - t. List the prime factors of g.
3, 5
Let n(j) be the second derivative of j**4/24 + j**3/6 - j**2 - 2*j. Let o(h) be the first derivative of n(h). List the prime factors of o(3).
2
Let i(d) = 0 - 11*d - 1 - 2*d + 2*d. Let g be i(-2). Suppose -2*a = -17 - g. List the prime factors of a.
19
Let d be 146/(-3) - 1/3. Let b = -35 - d. What are the prime factors of b?
2, 7
Suppose 5*i - 3*s - 19 = 0, -4*i + 0*i = -2*s - 16. Suppose -4*w + o + 176 = 0, -74 = i*w + o - 303. List the prime factors of w.
3, 5
Let h(c) = -3*c - 13. Let x be h(-6). Suppose -x*u - 76 = -276. What are the prime factors of u?
2, 5
Let k be (-9)/2*12/(-9). Suppose -k*r + 3*r + 36 = 0. Suppose m - r = -0*m. What are the prime factors of m?
2, 3
Let p be 12/30 - (-158)/5. Let k = 49 - p. Suppose -2*r = 3 - k. What are the prime factors of r?
7
Suppose -4*m - 10 = -5*o - 5*m, -2*m - 8 = -4*o. Suppose -u + 0*u + o = 0. List the prime factors of u.
2
Suppose 0*z = -z - 5*n + 51, z - 5*n = 1. Let v(x) = -9*x + 2. Let b be v(2). Let c = b + z. List the prime factors of c.
2, 5
Suppose f + f + 12 = 0. What are the prime factors of (-2 + f/(-4))*-22?
11
Let z(h) = -h**3 - 3*h**2 + 4*h + 3. Let v be z(-4). Let r be 5 + (2 - 3/v). Suppose 30 = r*q - 3*q. List the prime factors of q.
2, 5
Suppose -4*r + j = -57, 0 = 4*j - 0*j - 12. Suppose 0 = 3*k - 7 + 1. Suppose -4*v + r = -k*d - 19, 12 = -4*d. What are the prime factors of v?
7
Suppose -n + 5 + 0 = 0. Suppose 9 + 1 = n*f. List the prime factors of f.
2
Suppose 0 = -4*w + 2*w + 8. Let a(u) = -5*u + 1 + 2 - w. List the prime factors of a(-1).
2
Let d(l) = -l + 2. Let f be d(-2). Suppose 24 = -2*q + 3*q + 2*u, -5*q = -f*u - 50. List the prime factors of q.
2, 7
Suppose -4*h - 2 = -10. Suppose 0 = 3*q + 9, -t + 2*q - 12 = -h*t. What are the prime factors of t?
2, 3
Let l = 8 + -6. Suppose 2*t = 5*t - y - 9, -l*t + 5*y - 7 = 0. Suppose -t*c = -0*c - 36. What are the prime factors of c?
3
Suppose -a - 251 = -4*n - 30, -3*a = -5*n + 271. What are the prime factors of n?
2, 7
Suppose i = 3*c - 185, 3*c = c - 5*i + 146. List the prime factors of c.
3, 7
Let b = 47 + -17. What are the prime factors of b?
2, 3, 5
Suppose -t + 1 = -v + 2, 2*t - 4 = -v. Let x be v + 2 - (-1 - 0). Suppose 23 = 4*f - x. What are the prime factors of f?
7
Let c be ((-25)/(-10))/((-3)/(-6)). Let j(u) = 3 + u**2 - 2 + 2 - u - 4. List the prime factors of j(c).
19
Let v(m) = 8*m - 1. Let t be v(1). Let h = t - 2. What are the prime factors of h?
5
Let i be 2 + 2 + (-1 - 1). Suppose 0 = i*q - 26 - 58. What are the prime factors of q?
2, 3, 7
Suppose -140 = 3*y - 7*y. What are the prime factors of y?
5, 7
What are the prime factors of 2*(-597)/(-9)*(-6)/(-4)?
199
Suppose -3*g - 74 = -764. What are the prime factors of g?
2, 5, 23
Let x = 119 - 38. What are the prime factors of x?
3
Let v(t) = -t**3 - 3*t**2 - 2*t + 6. Let m(j) = j**3 + 4*j**2 + 3*j - 6. Let w(k) = 3*m(k) + 4*v(k). List the prime factors of w(0).
2, 3
What are the prime factors of (-1029)/(-14) + 3/(-6)?
73
Suppose -17 = o - 4*b, 5*o = b - 12 - 35. Let y(h) = 9*h - 3. Let a be y(2). Let c = a + o. What are the prime factors of c?
2, 3
List the prime factors of 20 - (1 + 2)/(-3).
3, 7
Let b be 0*1/2*-1. Suppose 12 = -b*w - w. List the prime factors of (-3)/(-4) - 51/w.
5
Suppose 5*i + 2*m - 53 = 0, -4*i = m - 26 - 14. Suppose 4*k - i = 3. What are the prime factors of k?
3
Suppose 0 = -s - s. Suppose s = 3*t - 38 + 2. List the prime factors of t.
2, 3
Let t(m) = 2*m - 2. Let k be t(4). Let s be 154/10 + k/(-15). What are the prime factors of 4/(-5)*s/(-6)?
2
Let t = 3 - 5. Let m be t/(-8) + 105/28. Suppose 0*s = -m*s - 12, -v + 10 = -s. List the prime factors of v.
7
Let p = 50 + -36. What are the prime factors of p?
2, 7
Suppose t + 2*f = 57, -5*t - 4*f = -f - 313. Suppose 0 = n - 6*n + t. What are the prime factors of n?
13
List the prime factors of ((-156)/9 - -3)*(-18 - 0).
2, 3, 43
Let x be 6/30 - (-2)/((-20)/22). Let g(r) be the third derivative of -r**4/3 + r**3/6 + r**2. List the prime factors of g(x).
17
Let m(i) = -i**3 - 7*i**2 + 8*i + 9. What are the prime factors of m(-8)?
3
Let o(y) = y**3 - 11*y**2 + 12*y + 9. Let t be o(10). Suppose -t + 5 = -3*j. List the prime factors of j.
2
Suppose 4*c + 56 = 284. What are the prime factors of c?
3, 19
Let z(d) = -d**2 + 10*d - 9. Suppose -31 = 4*o - 5*k, 0 = -o + 5*k - 6 + 2. Let g be ((-33)/9 - -3)*o. List the prime factors of z(g).
3, 5
List the prime factors of (-7 - -37)*36/15.
2, 3
Let r(k) = k**3 - 3*k**2 + 3*k - 1. Let d be r(2). List the prime factors of d*148/16*4.
37
Let o = -2 + 1. Let x = 0 - o. Suppose -4*p - 3*t - x = -31, -5*p - 2*t + 34 = 0. What are the prime factors of p?
2, 3
Let a = -2 + 2. Suppose -m - 5 + 17 = a. List the prime factors of m.
2, 3
Let x be 10/15 - 13/(-3). Suppose -6 = x*f + 14. Let i = f - -7. What are the prime factors of i?
3
Let p(l) = l**3 - 1. Let f be p(0). Let m be (0 + (-35)/(-1))*f. Let r = 51 + m. List the prime factors of r.
2
Suppose -5*q + 151 = -4*f - 137, -3*f = 3*q - 189. What are the prime factors of q?
2, 3, 5
Let f = 60 - 24. List the prime factors of f.
2, 3
Suppose -293 = -5*c - 3*t, 5*c - t - 4*t = 285. List the prime factors of c.
2, 29
Let b be 3 + (-3 - 6/(-3)). Suppose 4*w + w = 4*f + 36, -w = b*f - 10. List the prime factors of w.
2
Suppose 0 = 4*x - 5*b - 63, -2*b + 0 = 6. What are the prime factors of x?
2, 3
Let x be (4 + 0)*5/10. Sup